5 = -c - q. What is the tens digit of r?
1
Let y(p) = -2*p**2 - 1. Let m be y(-2). Let o(s) = -23*s + 21*s - 123 + 138. What is the tens digit of o(m)?
3
Suppose 0*a + 4*p = 4*a + 1096, -3*p + 1097 = -4*a. Let n = a + 388. Let k = n - 80. What is the tens digit of k?
3
Let s(l) = -413*l - 4. What is the tens digit of s(-1)?
0
Let h = -2 + 24. Let o = -20 + h. Suppose l - 22 = 5*t, -o*l + 0*l - 5*t + 74 = 0. What is the units digit of l?
2
What is the hundreds digit of 4/14 + 12/(-504)*-24474?
5
Suppose -2*x - 6 = 4*f, -7*f + 5*x = -2*f + 15. Let b be (10/(-20))/(f/12). What is the units digit of (-2)/b + (-258)/(-9)?
8
Let u(t) = t**2 + 7*t + 2. Let l be u(-7). Let x(n) = -2 + 1 + 29*n - l + 10*n. What is the tens digit of x(1)?
3
Suppose 5 = 8*r - 27. Suppose 5*m + 409 = 4*b, -2*b - r*m = m - 167. What is the tens digit of b?
9
Let p be (-4)/(-2) + (-3 - 3/(-3)). Suppose p = r - 53 - 35. What is the tens digit of r?
8
Let v(r) = -r**3 - 2*r**2 - 6*r - 2. Let s be 1 - (9 + 0) - (-12)/4. What is the units digit of v(s)?
3
Suppose 4*b + 5*z - 1598 = 0, 26*b - 29*b - z + 1193 = 0. What is the units digit of b?
7
Let i(x) = -x**3 - 11*x**2 - 13*x + 2. What is the units digit of i(-10)?
2
Suppose 2*n + 111 = 823. Suppose 2*b = s - 64, 9*s - n = 4*s + b. What is the units digit of s?
2
Let i(h) = -4*h + 24. Let y be i(5). Suppose -2*p + 469 = 3*x, -y*x = -p + 4*p - 627. What is the tens digit of x?
5
Let u = 13 + -94. Let h = 145 + u. Suppose -4*o = -3*f + 17 + 26, 4*f = 2*o + h. What is the tens digit of f?
1
Let d = 365 - 358. What is the units digit of d?
7
Let w = 162 + 242. What is the units digit of w?
4
Let q = 21 - 13. What is the tens digit of q/(-4) - -1 - -28?
2
Let f be (264/(-14))/((-2)/14). Let m = -86 + f. Suppose -5*z - m = -176. What is the tens digit of z?
2
Let j(d) = -d**3 - 6*d**2 + 3*d - 8. Let l be j(-7). Suppose 0 = r - 5*r + 84. Suppose r*f = l*f + 51. What is the tens digit of f?
5
Suppose -w + 16 = -5*t, 2*w = -5*t + 4*w - 17. What is the units digit of 27/15 - t/15?
2
Let r(v) = v**2 + 16*v - 19. Let m be r(-16). Let s = m - -33. What is the tens digit of s?
1
Suppose 5*x - 3*d = 32, -2*d = 5*x - 7*d - 40. Suppose -4*y = o - 69, -2*y + x*o - 38 = -4*y. What is the tens digit of y?
1
Let s(t) = t**2 - 5*t - 1. Let n be s(6). Suppose 0 = -5*l + y + 330, l - 2*l + 90 = -n*y. What is the tens digit of l?
6
What is the units digit of 198/(-8)*(-352)/66?
2
Let u be 37/(-3)*(-5 + -4). Suppose 3*f = 2*g - u, 20 - 73 = -g + f. What is the tens digit of g?
4
What is the thousands digit of ((-1093)/2)/(7/(-28))?
2
Let n(m) = 26*m + 38. Let x be n(13). Suppose -7*g = -11*g + x. What is the units digit of g?
4
Let r = -1 - -3. Suppose 8*q - 6*q - 384 = -4*o, 0 = -r*o - 8. What is the hundreds digit of q?
2
What is the units digit of (2 + (-582)/(-3))*(-14)/(-8)?
3
Suppose 13*j - 658 = 6531. Suppose 2*c - 371 = d, -3*d = -3*c + 2*d + j. What is the tens digit of c?
8
Suppose 0 = -4*y + 3*u + 84, 2*y - 20 = -5*u + 48. Suppose 5*a = a + y. What is the units digit of (4/a)/(4/222)?
7
Let w = -125 + 349. Let o = w - 153. What is the tens digit of o?
7
Suppose v - 338 = -5*s, 5*s - 252 - 74 = 3*v. Let h = -56 + s. What is the units digit of h?
1
Let d = -383 + 663. What is the tens digit of d?
8
Let m = 12 + -48. What is the hundreds digit of ((-20)/(-1))/(-2*3/m)?
1
What is the tens digit of (-86070)/(-152) + 1/(-4)?
6
What is the thousands digit of ((-8325)/100)/((-1)/28)?
2
Let b(l) = 2*l - 12. Let k be b(13). Let q be (k - 17) + 0 + 210. Suppose 151 = 2*s - 3*h, -q = -3*s + 5*h + 22. What is the units digit of s?
8
Let a be 33 - 3 - (-2 - -4). Let o be (-3)/(-21) - 116/a. What is the units digit of ((-16)/(-20))/(o/(-40))?
8
Suppose -9*u + 0*u = -2862. What is the tens digit of u?
1
Let y(a) = -13*a + 1. Let n(g) = -g - 19. Let j be n(-16). Let m be 27/(-6)*(-2)/j. What is the units digit of y(m)?
0
What is the hundreds digit of ((-348)/7)/((-24)/84)?
1
Suppose 4*w - 12 = 2*h - 0*w, 5*h - w = 6. Let z be (1/(-1))/(h/(-6)). Suppose -5*v + 34 = 3*n - n, -4*n + z*v + 42 = 0. What is the units digit of n?
2
Suppose -8033 = l - 3*l - a, 0 = -5*l - 5*a + 20085. What is the units digit of l?
6
Let h = 0 + -4. Let f(b) = b + 1. Let c be f(h). What is the units digit of -1*(-3)/(c/(-10))?
0
Suppose 3*j + 2*v - 554 = 0, 5*j + 48 = v + 993. Let c = 306 - j. What is the units digit of c?
8
Let z(l) = 62*l - 1. Suppose o + 0 = 2. What is the hundreds digit of z(o)?
1
Let a = -126 + 196. Suppose 0 = -2*z - 0*z - 50. Let u = a + z. What is the tens digit of u?
4
Let y(i) = -i**3 + 14*i**2 - 15*i + 17. Let p be y(13). Let l be (132/p)/((-1)/(-3)). What is the units digit of l/(-6) - (-4)/6?
8
Suppose 17260 = 23*y + 5139. What is the units digit of y?
7
Let j(d) = d + 6. Let f be j(-3). Let r be (-3 + 2)/(f/114). Let k = -24 - r. What is the units digit of k?
4
Suppose -5 = -3*l + 1. Suppose -5*y = -l + 32. What is the units digit of -12*(-1)/((-9)/y)?
8
Let i be (-4)/5*(-10)/4. Let c(q) = -2*q**i - 2 - 5 - 2*q - q**3 + 1 + 1. What is the units digit of c(-4)?
5
Suppose 0 = -0*x + x + 82. What is the units digit of x/6*17/((-34)/12)?
2
Suppose -7*z + 10*z = 0. Suppose -w - 3*w + 128 = z. Suppose 4*a = -j + 48, -2*a - 4*j + 6 = -w. What is the tens digit of a?
1
Let s = -1864 - -3004. What is the tens digit of s?
4
Let u be (-51)/(-15) + (-6)/(-10). Suppose 0 = 5*b - 1 - u. What is the units digit of b?
1
Suppose -52*n = -47*n - 10. What is the units digit of (1695/10)/(9/(-6) + n)?
9
Let q(x) = 4*x - 4 + 8 - 3*x. Let j be q(-2). Suppose 2*k - 24 = -5*r, j*r - 3*k - 30 + 9 = 0. What is the units digit of r?
6
Let q(j) = j**3 + 11*j**2 + 10*j + 10. Let y be q(-7). Let d = y - 63. What is the tens digit of d?
7
Suppose 0 = -t + 3*g + 21, t - 4*g - 30 = -6. Let z = -11 + t. What is the units digit of (1 + -4)*z*-1?
3
Suppose -2*r = -3*n - 7068 + 1425, 4*r - 11294 = -2*n. Suppose -4*k + 3*k + r = 5*s, 0 = -4*s - k + 2259. What is the units digit of (-2)/5 - s/(-10)?
6
Let f = 76 - 115. Let b = f + 75. What is the units digit of b?
6
What is the tens digit of (-1316)/(-2) - (-2 + 15 + -10)?
5
Suppose 2*l - 824 = 6*l. Let j = -133 - l. What is the units digit of j?
3
Let y be (-1 - (-35)/(-2))/((-1)/10). Let l = y - 85. What is the tens digit of l?
0
Let b(k) = -11*k**3 + 3*k**3 + 3 - 5*k + 5*k**2 - 11*k**3. Let g be b(3). What is the units digit of 3/(-15) + g/(-25)?
9
What is the hundreds digit of (-70476)/(-49) + (-7)/(294/12)?
4
What is the tens digit of (3/(-36)*-6)/(1/3566)?
8
Suppose -8*l = -841 + 241. What is the tens digit of l?
7
Let b(h) be the first derivative of 11*h**2/2 - 6*h - 9. Let d be b(2). Let f = 69 - d. What is the units digit of f?
3
Let i be (-2)/11 + 612/99. Suppose -3*y + 1 = 4*n - i, -3*n + 2*y = -1. Let u(t) = 60*t**3 + t - 1. What is the units digit of u(n)?
0
Suppose 198 = 2*m + 194, -3*t = -4*m - 6484. What is the units digit of t?
4
Suppose 7*x = 3*x - 96. Let n = x + 31. What is the units digit of n?
7
Let d = -2194 + 4368. What is the tens digit of d?
7
Let k(q) = -15*q**2 - 2 - 14*q**2 + 34*q**2 + 0*q - 3*q. What is the tens digit of k(-2)?
2
Suppose -15*g = -34*g + 12008. What is the hundreds digit of g?
6
Suppose 8*o - 9692 + 756 = 0. What is the units digit of o?
7
Suppose -7*x + 636 + 897 = 0. What is the tens digit of x?
1
Suppose 3*o - 17 = -4*m + 88, -115 = -4*o + 3*m. What is the tens digit of o?
3
Let k = 100 - -292. What is the units digit of k?
2
Suppose 27*w - 30*w = -21. Let v(k) = -k**2 + 10*k - 1. What is the tens digit of v(w)?
2
Let o = -36 + 30. What is the units digit of 738/8 - o/24*3?
3
Suppose -48*b + 2*v = -46*b - 548, -1116 = -4*b - v. What is the units digit of b?
8
Suppose -l - 2*l + 93 = -4*u, 2*l = 5*u + 62. Suppose 3*b = 5*s + l, -4*s = -4*b + 54 - 18. What is the units digit of b?
7
Let g(r) = r**3 - 14*r**2 + 14*r - 17. Let p be g(13). Let m be (p/12)/1*-6. Suppose -m*d = -14 - 22. What is the tens digit of d?
1
Suppose 13*d - 12*d + 1 = 0. Let s be d*(5 - 2) + 7. Suppose -156 = -2*x - 2*j, 0*x - s*j = 5*x - 392. What is the units digit of x?
0
Let n = -8 - -8. Suppose n*y + 54 = 2*y. Suppose -2*p = -y - 3. What is the tens digit of p?
1
Let z(j) = 43*j**2 - 2*j - 5. Let y = -130 + 128. Wh